Suppose 5*q - 509 = -n. What is the tens digit of q?
7
Let w(v) be the first derivative of -4*v**2 - 36*v - 2. What is the units digit of w(-15)?
4
Let i(n) = 8*n**2 - 24*n - 106. What is the tens digit of i(-5)?
1
Let f = -3 + 10. Let k(t) = t**2 - 5*t - 9. Let d be k(f). What is the units digit of (2 + d/(-2))*-10?
5
Let s(n) = -n**3 + 9*n**2 - 7*n + 8. Let j(d) = -d**2 - 9*d + 17. Let f be j(-10). What is the units digit of s(f)?
7
Suppose 0 = m + 5*x + 94, -138 = -3*m + x - 404. Let p = m - -185. What is the units digit of p?
6
Suppose -4*v = 0, 10*s - 6*s - 3368 = -4*v. What is the hundreds digit of s?
8
Let o be -8 - (-1)/(-2)*2. Let v(i) = -i. Let y(h) = 8*h + 18. Let u(s) = -3*v(s) - y(s). What is the units digit of u(o)?
7
Let w(m) = -44*m - 105. Let q(u) = 15*u + 35. Let h(x) = -17*q(x) - 6*w(x). What is the tens digit of h(7)?
9
Suppose 3*s + 0*k - 8 = 2*k, 0 = 4*s + 3*k - 5. Suppose -23 = -g - 3*d, -s = -4*d - 6. What is the tens digit of g?
2
Let s be (1 - 1)*(-10)/10. Suppose -5*m + 3*f + 258 + 17 = s, 0 = -5*m - 3*f + 275. What is the units digit of m?
5
Let a(g) = -g + 10. Suppose 3*n - 6 = 12. Let o be a(n). Suppose -3*p + 16 + 16 = 4*r, -o*r = -2*p + 8. What is the units digit of p?
8
Let p = 46 + 210. Suppose -5*w + 64 = -p. What is the tens digit of w?
6
What is the tens digit of (-54)/108 - (-10202)/4?
5
Let n be 2/(-7) + 540/(-70). What is the tens digit of n/(-20) - (-3665)/25?
4
Let j = -1681 - -2810. What is the hundreds digit of j?
1
Suppose -4*p = -17 + 5. Suppose 2*k = 5*t + 11, -p*k + 2 = -2*k + t. Suppose k*s - 4*i - 245 = 0, 0*i + 3*i = s - 90. What is the units digit of s?
5
Suppose 0 = -30*p + 7*p + 22609. What is the tens digit of p?
8
Suppose 3*p - 414 = -5*f, 0 = -9*f + 4*f. Let b = -79 + p. What is the tens digit of b?
5
Suppose 0 = -w - 0 + 20. Let a = 10 - 16. Let m = w + a. What is the units digit of m?
4
Let m = -3 - -6. Suppose c - 5*k + 0*k + 4 = 0, -5*c + 64 = m*k. What is the tens digit of c?
1
Let s(n) = 3*n**2 - 24*n - 48. What is the tens digit of s(16)?
3
Let q(g) = g**3 + 10*g**2 + 11*g - 11. Let c be q(-9). Let u = c + 129. What is the units digit of u?
0
Let k(u) = -62*u**2 - 8*u - 9. Let c be k(-4). What is the hundreds digit of (-3)/(-2)*(c/(-9) + 1)?
1
Suppose -17*i = -23*i + 1488. What is the tens digit of i?
4
Suppose 2*z - z - 149 = 0. Suppose 2*y = 19 + z. What is the tens digit of y/9 + (-6)/(-9)?
1
Suppose -2*a - 45 = 7*a. Let d(v) = -3*v**3 - 6*v**2 + 5*v + 16. What is the hundreds digit of d(a)?
2
What is the tens digit of (-5 + (-5812)/(-4) - -3) + -1?
5
Suppose 3*q + 2*q - 1360 = 0. What is the units digit of -3 + (6/4)/(6/q)?
5
Let w(t) = -197*t**3 - t**2 + t + 2. Let b be w(-1). Let a = b - -57. What is the units digit of a?
4
Suppose -a + 5*u - 6 = 0, -2*u - 1 - 1 = 0. Let r = 11 + a. Suppose r*g - 5*s = 4*g - 17, 0 = 2*g - s - 19. What is the units digit of g?
8
Suppose -2*b = -550 - 272. What is the units digit of b?
1
What is the units digit of ((-3)/3 - 124)*(-22)/55?
0
Let k(a) = 2*a**2 - 2*a - 2. Let b be k(2). Suppose 3*y = b*t + 37, 3*y + 4*t + 2 = y. Suppose -y - 11 = -i. What is the tens digit of i?
2
Suppose -14*a + 19*a - 1045 = 0. What is the units digit of a?
9
Let c = 3224 - 2094. What is the hundreds digit of c?
1
Suppose -32441 = -18*z + 39343. What is the hundreds digit of z?
9
Suppose -67*z = -74*z + 9457. What is the thousands digit of z?
1
Let o(b) = -b**2 + b + 2. Let h be o(-2). What is the units digit of (126 - h)*2/5*2?
4
Let a(p) = -p**2 - 13*p - 17. Let i(d) = -8*d**2 + 3*d + 4. Let b be i(-1). What is the tens digit of a(b)?
2
Let n = 1663 + -1093. What is the units digit of n?
0
Suppose -3*k + 10*k - 3920 = 0. Suppose 5*z - k = 130. What is the tens digit of z?
3
Suppose -2*t - c + 1780 = c, 4*t = c + 3545. What is the hundreds digit of t?
8
Let d = 7904 + -5045. What is the thousands digit of d?
2
Let h(c) = 336*c - 153. What is the thousands digit of h(13)?
4
Let p = -61 + 41. Let r be p/15*3/(-2). Suppose r*z - k - 34 = 3*k, 0 = z - 3*k - 17. What is the tens digit of z?
1
Let k(j) = 3*j**2 + 13*j - 4*j**2 + 0 - 5 + 1. Let o be k(5). Let t = o + -22. What is the units digit of t?
4
Let z(p) = p**3 + 61*p**2 - 53*p + 1. What is the thousands digit of z(-61)?
3
Suppose 12117 = 11*i - 14481. What is the hundreds digit of i?
4
Let h(v) = -v**2 + 14*v + 330. What is the units digit of h(0)?
0
What is the tens digit of 808/303*957/2?
7
Let h(g) = -g - 2. Let f be h(5). Let v(p) = 2*p**2 + 6*p - 13. What is the units digit of v(f)?
3
Let d(r) = 60*r**2 - 2*r. Suppose 0 = -a - q - 4, -5*q = 6 + 9. What is the tens digit of d(a)?
6
Suppose 152 = 4*a - 4*d, -a = -0*d + d - 48. Suppose 0 = -4*j - 5*m + 144, -2*j - 5*m + a = -39. What is the tens digit of j?
3
What is the hundreds digit of -2 + (7 - (-743 + -6))?
7
Let k be ((-15)/2)/(7 + 31/(-4)). Let s = k - -92. What is the tens digit of s?
0
What is the units digit of (8 + -24 + 14)/(1/(-1272))?
4
Let s(c) = 8*c + 6. Let v(x) = 9*x + 7. Let f(i) = -5*s(i) + 4*v(i). Let b = -6 + -1. What is the units digit of f(b)?
6
Let b be -1 + (5 - -1) + -1. Let l(d) = -4*d**3 + 2*d**2 + d. Let g be l(-1). Suppose b*w - 76 = -4*t, -g*t - 4*w + 56 = -2*t. What is the tens digit of t?
2
Suppose 348 = 20*s - 1692. What is the hundreds digit of s?
1
What is the hundreds digit of -1*(2 + 2) - -545?
5
Let c be (-3 - 1)/((-1)/44). Let v = c + -126. What is the tens digit of v?
5
Suppose 0*t - 4*t = 4. Let y = t - -20. Suppose -u + 2*u = -2*q + y, -4*u = 2*q - 22. What is the units digit of q?
9
Suppose -7957 = -5*d - 24*m + 23*m, 3*m = -9. What is the thousands digit of d?
1
Let y(d) = -4 - 26*d + 1 + 2 + d. What is the tens digit of y(-1)?
2
Let y(p) = -p**3 - 4*p**2 + 3*p + 1. Let c be y(-3). Let h = 18 + c. Suppose h = 5*u - 19. What is the units digit of u?
4
Let w(h) = -h**3 - 7*h**2 - 12*h - 32. Let f be w(-6). Suppose -d - 927 = -5*u, -3*d = f*u - 9*u + 921. What is the units digit of u?
6
Suppose 128 = 15*i - 862. What is the tens digit of i?
6
Let j = 7 - 72. Let p = 43 + j. Let u = -21 - p. What is the units digit of u?
1
Suppose 0 = 3*x + 2*q - 27, -1 + 3 = 2*x - 4*q. Let m(o) = 13*o + 11. What is the tens digit of m(x)?
0
Suppose -4*g - 9 = 4*z - 1, -5*z = -5*g - 10. Suppose z = 3*m + 2 - 53. What is the units digit of m?
7
Let g(d) = d + 2. Let l be g(-3). Let i be 1 + -1 + 40/l. Let v = -24 - i. What is the tens digit of v?
1
Let r(i) = 85*i - 3. Let n be r(-1). Let k be 2 - 0/(-3) - -2. What is the tens digit of (2/k)/((-2)/n)?
2
Suppose -4*u + 804 = -4*r, 3*r = 5*u - r - 1009. Let a be (-4)/(4/3)*-1. Suppose 0 = -a*c - 2*c + u. What is the units digit of c?
1
Let w(b) = 13*b**3 + 5*b**2 - 4*b + 12. What is the hundreds digit of w(4)?
9
Suppose 3*p - 28 = -p. Suppose -y = -548 - 34. What is the tens digit of 2/p + y/21?
2
Suppose -d + 9 = -4*g, -13 = 5*g + d - 4*d. Let w(i) be the second derivative of i**4/3 - i**3/2 - 3*i**2/2 + 20*i. What is the units digit of w(g)?
9
Let v(r) = -r**2 - r + 12. Let k be v(-5). Let j(y) = y**3 + 8*y**2 - y + 19. What is the tens digit of j(k)?
2
Let s(i) = -i - 6. Let d be s(-7). Let f(p) = 1 - p + 7*p**2 + 0 - 3 + 3. What is the units digit of f(d)?
7
Suppose 18*v - 33*v + 40065 = 0. What is the units digit of v?
1
Suppose q - 5*q + 16 = 0. Suppose 0*v - 556 = -q*v. What is the units digit of v?
9
Let a = 15 + -1. Suppose -2*r = -w + a - 65, -3*w - 15 = 0. Suppose -3*s + 101 = r. What is the units digit of s?
6
What is the tens digit of ((-117180)/81)/((-4)/6)?
7
Suppose 4*x - 9 = 11. Let g(c) = 2*c + 5. Let d(r) = 1. Let o(p) = -6*d(p) + g(p). What is the units digit of o(x)?
9
Suppose 4*c = -5*g - 241 + 20, -4*c + g = 191. Let f = c + 118. Suppose f = r + 2*r. What is the units digit of r?
3
Let s = -198 + 110. Let o = 132 + s. What is the units digit of o?
4
Let b(p) = -10*p**3 - 2*p. Let v be b(-2). Suppose 0 = -m + 72 + v. Suppose 7*i - 4*i = m. What is the units digit of i?
2
Suppose 4*l - 3*a = -939 + 2553, 0 = a - 2. What is the tens digit of (l/(-12))/9*(-80)/6?
5
Suppose -2*f - 4*z = -820, 3*z = 4*f - 214 - 1415. What is the units digit of f?
8
Let d(l) = 2*l**2 - 4. Let k be d(-4). What is the units digit of 14/k + 2/((-8)/(-138))?
5
Let j(v) = 2*v**2 - 7*v 